List the prime factors of 768.
2, 3
What are the prime factors of 2935?
5, 587
What are the prime factors of 11533?
19, 607
List the prime factors of 858.
2, 3, 11, 13
What are the prime factors of 8947?
23, 389
List the prime factors of 20758.
2, 97, 107
What are the prime factors of 1389?
3, 463
What are the prime factors of 728?
2, 7, 13
What are the prime factors of 2467?
2467
List the prime factors of 2603.
19, 137
List the prime factors of 58054.
2, 29027
What are the prime factors of 9077?
29, 313
List the prime factors of 1354.
2, 677
List the prime factors of 6365.
5, 19, 67
What are the prime factors of 75253?
75253
List the prime factors of 31220.
2, 5, 7, 223
List the prime factors of 9093.
3, 7, 433
List the prime factors of 11926.
2, 67, 89
List the prime factors of 8413.
47, 179
List the prime factors of 323.
17, 19
What are the prime factors of 17723?
37, 479
What are the prime factors of 1137?
3, 379
What are the prime factors of 28341?
3, 47, 67
What are the prime factors of 76645?
5, 15329
List the prime factors of 18569.
31, 599
List the prime factors of 92953.
7, 271
List the prime factors of 2497.
11, 227
What are the prime factors of 36191?
36191
What are the prime factors of 147?
3, 7
List the prime factors of 2579.
2579
What are the prime factors of 849?
3, 283
What are the prime factors of 112486?
2, 11, 5113
List the prime factors of 155.
5, 31
What are the prime factors of 3779?
3779
List the prime factors of 276.
2, 3, 23
What are the prime factors of 5303?
5303
List the prime factors of 26271.
3, 7, 139
What are the prime factors of 10678?
2, 19, 281
What are the prime factors of 4615?
5, 13, 71
What are the prime factors of 1012?
2, 11, 23
List the prime factors of 293.
293
List the prime factors of 157.
157
List the prime factors of 5180.
2, 5, 7, 37
List the prime factors of 16679.
13, 1283
What are the prime factors of 99576?
2, 3, 461
List the prime factors of 1199.
11, 109
What are the prime factors of 136?
2, 17
What are the prime factors of 9202?
2, 43, 107
List the prime factors of 8525.
5, 11, 31
What are the prime factors of 27741?
3, 7, 1321
What are the prime factors of 91967?
91967
What are the prime factors of 21333?
3, 13, 547
What are the prime factors of 698?
2, 349
List the prime factors of 27061.
27061
List the prime factors of 22679.
22679
List the prime factors of 1150.
2, 5, 23
What are the prime factors of 21599?
21599
List the prime factors of 73958.
2, 36979
List the prime factors of 412.
2, 103
List the prime factors of 122.
2, 61
What are the prime factors of 82101?
3, 27367
What are the prime factors of 2047?
23, 89
List the prime factors of 381.
3, 127
What are the prime factors of 1109?
1109
What are the prime factors of 96638?
2, 211, 229
List the prime factors of 567.
3, 7
What are the prime factors of 3471?
3, 13, 89
List the prime factors of 71788.
2, 131, 137
List the prime factors of 60841.
11, 5531
What are the prime factors of 30?
2, 3, 5
List the prime factors of 19488.
2, 3, 7, 29
What are the prime factors of 121459?
13, 9343
List the prime factors of 27.
3
List the prime factors of 2403.
3, 89
What are the prime factors of 2650?
2, 5, 53
List the prime factors of 661.
661
What are the prime factors of 9837?
3, 1093
List the prime factors of 29779.
97, 307
List the prime factors of 31977.
3, 11, 17, 19
List the prime factors of 18387.
3, 227
List the prime factors of 167.
167
What are the prime factors of 1087?
1087
What are the prime factors of 37959?
3, 12653
What are the prime factors of 12438?
2, 3, 691
What are the prime factors of 264?
2, 3, 11
What are the prime factors of 10822?
2, 7, 773
What are the prime factors of 3271?
3271
What are the prime factors of 44365?
5, 19, 467
What are the prime factors of 15849?
3, 587
What are the prime factors of 27331?
151, 181
What are the prime factors of 2640?
2, 3, 5, 11
List the prime factors of 638.
2, 11, 29
What are the prime factors of 82222?
2, 7, 839
List the prime factors of 3372.
2, 3, 281
What are the prime factors of 4607?
17, 271
List the prime factors of 20326.
2, 10163
What are the prime factors of 6815?
5, 29, 47
List the prime factors of 52779.
3, 73, 241
What are the prime factors of 29983?
29983
What are the prime factors of 189914?
2, 269, 353
What are the prime factors of 451?
11, 41
What are the prime factors of 4522?
2, 7, 17, 19
What are the prime factors of 58719?
3, 23, 37
What are the prime factors of 26428?
2, 6607
List the prime factors of 1004.
2, 251
List the prime factors of 27228.
2, 3, 2269
What are the prime factors of 25899?
3, 89, 97
List the prime factors of 79303.
7, 11329
What are the prime factors of 8480?
2, 5, 53
What are the prime factors of 6469?
6469
What are the prime factors of 1835?
5, 367
List the prime factors of 61061.
7, 11, 13, 61
List the prime factors of 2745.
3, 5, 61
List the prime factors of 11949.
3, 7, 569
What are the prime factors of 25214?
2, 7, 1801
What are the prime factors of 38917?
38917
List the prime factors of 95951.
229, 419
What are the prime factors of 81?
3
What are the prime factors of 6726?
2, 3, 19, 59
What are the prime factors of 7659?
3, 23, 37
List the prime factors of 6999.
3, 2333
List the prime factors of 2405.
5, 13, 37
What are the prime factors of 3496?
2, 19, 23
List the prime factors of 962.
2, 13, 37
What are the prime factors of 1429?
1429
List the prime factors of 9671.
19, 509
What are the prime factors of 1076?
2, 269
What are the prime factors of 14440?
2, 5, 19
List the prime factors of 2871.
3, 11, 29
What are the prime factors of 94977?
3, 61, 173
What are the prime factors of 6539?
13, 503
What are the prime factors of 5315?
5, 1063
What are the prime factors of 21907?
19, 1153
What are the prime factors of 1583?
1583
What are the prime factors of 8705?
5, 1741
List the prime factors of 21802.
2, 11, 991
What are the prime factors of 55272?
2, 3, 7, 47
What are the prime factors of 875?
5, 7
List the prime factors of 12382.
2, 41, 151
List the prime factors of 138913.
53, 2621
List the prime factors of 32517.
3, 3613
List the prime factors of 68349.
3, 22783
List the prime factors of 4381.
13, 337
List the prime factors of 25831.
13, 1987
What are the prime factors of 15135?
3, 5, 1009
List the prime factors of 1452.
2, 3, 11
List the prime factors of 37474.
2, 41, 457
List the prime factors of 2173.
41, 53
What are the prime factors of 1175?
5, 47
What are the prime factors of 345?
3, 5, 23
List the prime factors of 5738.
2, 19, 151
List the prime factors of 3467.
3467
List the prime factors of 2004.
2, 3, 167
List the prime factors of 3396.
2, 3, 283
What are the prime factors of 1325?
5, 53
What are the prime factors of 5320?
2, 5, 7, 19
What are the prime factors of 53395?
5, 59, 181
What are the prime factors of 11363?
11, 1033
List the prime factors of 12933.
3, 479
List the prime factors of 1483.
1483
What are the prime factors of 65348?
2, 17, 31
List the prime factors of 2295.
3, 5, 17
What are the prime factors of 28391?
11, 29, 89
List the prime factors of 116482.
2, 139, 419
What are the prime factors of 11639?
103, 113
List the prime factors of 458.
2, 229
List the prime factors of 1122.
2, 3, 11, 17
What are the prime factors of 3642?
2, 3, 607
List the prime factors of 138100.
2, 5, 1381
What are the prime factors of 825?
3, 5, 11
List the prime factors of 8320.
2, 5, 13
List the prime factors of 9820.
2, 5, 491
What are the prime factors of 2518?
2, 1259
List the prime factors of 1433.
1433
What are the prime factors of 14051?
14051
What are the prime factors of 463?
463
List the prime factors of 89086.
2, 44543
What are the prime factors of 802?
2, 401
What are the prime factors of 3844?
2, 31
List the prime factors of 1152.
2, 3
List the prime factors of 28666.
2, 11, 1303
What are the prime factors of 11170?
2, 5, 1117
What are the prime factors of 92?
2, 23
What are the prime factors of 60399?
3, 2237
What are the prime factors of 96?
2, 3
List the prime factors of 36489.
3, 12163
List the prime factors of 2119.
13, 163
What are the prime factors of 2645?
5, 23
What are the prime factors of 209?
11, 19
List the prime factors of 756.
2, 3, 7
List the prime factors of 24286.
2, 12143
List the prime facto